{"id":1464,"date":"2022-07-09T23:11:16","date_gmt":"2022-07-09T21:11:16","guid":{"rendered":"https:\/\/wodys.net\/?page_id=1464"},"modified":"2022-07-09T23:14:58","modified_gmt":"2022-07-09T21:14:58","slug":"blaubeeren","status":"publish","type":"page","link":"https:\/\/wodys.net\/index.php\/rezepte\/blaubeeren\/","title":{"rendered":"Blaubeeren"},"content":{"rendered":"\n<h3 class=\"wp-block-heading\"><strong>Blaubeermarmelade,<\/strong><br><strong>exotisch-pikant<\/strong><\/h3>\n\n\n\n<p><strong>Zutaten<\/strong><br>1 kg Heidelbeeren<br>Saft einer Zitrone<br>1 aufgeschnittene Vanillestange<br>1 St\u00fcck Zimtstange<br>2 Lorbeerbl\u00e4tter<br>1 Prise Muskat<br>1 Prise Nelkenpulver<br>1\/4 TL schwarzer Pfeffer aus der M\u00fchle<br>1 kg Gelierzucker<\/p>\n\n\n\n<p><strong>Zubereitung:<\/strong><br>Heidelbeeren kalt abbrausen (sind wohl keine WARMDUSCHER) und gut abtropfen lassen. Mit einer Gabel zerdr\u00fccken (viel Spa\u00df) oder einfach kurz p\u00fcrieren. Den Zitronensaft und alle Gew\u00fcrze mit dazugeben und gut vermischen. Zugedeckt \u00fcber Nacht ziehen lassen. Dann unter r\u00fchren langsam zum Kochenbringen und 4 Minuten sprudelnd kochen lassen (also aufkochen). Vanillestange, Zimtstange und Lorbeerbl\u00e4tter entfernen. Die Marmelade in die vorbereiteten Gl\u00e4ser f\u00fcllen und sofort verschliessen.<\/p>\n\n\n\n<h3 class=\"wp-block-heading\"><strong>Blaubeerpfannekuchen<\/strong><\/h3>\n\n\n\n<p>erster Versuch nach dem Originalrezept ergibt ca. 6-8 Pfannekuchen.<br><br><strong>Zutaten:<\/strong><br>300 g Blaubeeren<br>250 ml Milch<br>125 ml Sahne<br>3 Eier<br>1 Prise Salz<br>1 EL Zucker<br>1 P\u00e4ckchen Vanillezucker<br>2 EL Raps\u00f6l<br>200 g Mehl<br>Butterschmalz zum Backen<br>Zucker &#8211; und wer mag &#8211; Zimt zum Best\u00e4uben, oder ganz ohne<\/p>\n\n\n\n<p><strong>Zubereitung:<\/strong><br>Die Blauen Heidelbeeren wieder kalt abbrausen und abtropfen lassen. Milch, Sahne, Eier, Salz, Zucker, Vanillezucker und \u00d6l glatt schlagen. Das Mehl dar\u00fcber sieben (damit es keine Klumpen gibt) und unterheben. Den Teig 30 Minuten ruhen lassen. Blaubeeren mit dazugeben. Butterschmalz in einer Pfanne (24 cm) nicht zu hei\u00df werden lassen. Teig mit einer Kelle einf\u00fcllen und von beiden Seiten goldgelb backen. Den fertigen Pfannkuchen am besten gleich an die hungrigen M\u00e4uler weiterreichen.<\/p>\n","protected":false},"excerpt":{"rendered":"<p>Blaubeermarmelade,exotisch-pikant Zutaten1 kg HeidelbeerenSaft einer Zitrone1 aufgeschnittene Vanillestange1 St\u00fcck Zimtstange2 Lorbeerbl\u00e4tter1 Prise Muskat1 Prise Nelkenpulver1\/4 TL schwarzer Pfeffer aus der M\u00fchle1 kg Gelierzucker Zubereitung:Heidelbeeren kalt abbrausen (sind wohl keine WARMDUSCHER) und gut abtropfen lassen. Mit einer Gabel zerdr\u00fccken (viel Spa\u00df) oder einfach kurz p\u00fcrieren. Den Zitronensaft und alle Gew\u00fcrze mit dazugeben und gut vermischen. Zugedeckt [&hellip;]<\/p>\n","protected":false},"author":1,"featured_media":0,"parent":1458,"menu_order":0,"comment_status":"closed","ping_status":"closed","template":"","meta":{"footnotes":""},"class_list":["post-1464","page","type-page","status-publish","hentry"],"_links":{"self":[{"href":"https:\/\/wodys.net\/index.php\/wp-json\/wp\/v2\/pages\/1464","targetHints":{"allow":["GET"]}}],"collection":[{"href":"https:\/\/wodys.net\/index.php\/wp-json\/wp\/v2\/pages"}],"about":[{"href":"https:\/\/wodys.net\/index.php\/wp-json\/wp\/v2\/types\/page"}],"author":[{"embeddable":true,"href":"https:\/\/wodys.net\/index.php\/wp-json\/wp\/v2\/users\/1"}],"replies":[{"embeddable":true,"href":"https:\/\/wodys.net\/index.php\/wp-json\/wp\/v2\/comments?post=1464"}],"version-history":[{"count":3,"href":"https:\/\/wodys.net\/index.php\/wp-json\/wp\/v2\/pages\/1464\/revisions"}],"predecessor-version":[{"id":1469,"href":"https:\/\/wodys.net\/index.php\/wp-json\/wp\/v2\/pages\/1464\/revisions\/1469"}],"up":[{"embeddable":true,"href":"https:\/\/wodys.net\/index.php\/wp-json\/wp\/v2\/pages\/1458"}],"wp:attachment":[{"href":"https:\/\/wodys.net\/index.php\/wp-json\/wp\/v2\/media?parent=1464"}],"curies":[{"name":"wp","href":"https:\/\/api.w.org\/{rel}","templated":true}]}}