{"id":24,"date":"2021-10-26T15:11:53","date_gmt":"2021-10-26T15:11:53","guid":{"rendered":"https:\/\/wodys.net\/?page_id=24"},"modified":"2025-12-13T20:34:34","modified_gmt":"2025-12-13T19:34:34","slug":"ueber-mich","status":"publish","type":"page","link":"https:\/\/wodys.net\/index.php\/ueber-mich\/","title":{"rendered":"\u00fcber mich"},"content":{"rendered":"\n<p>Birgit. Baujahr 1966. Fernweh geplagt. Hobbyfotografin.<\/p>\n\n\n\n<p>Sch\u00f6n das du hier bist und \u00fcber meine Person mehr erfahren m\u00f6chtest. Ende 2002 bin ich mit wodys.net gestartet. Einmal, um mich mit dem Thema html auseinanderzusetzen und um meine Reisen zu dokumentieren.<\/p>\n\n\n\n<figure class=\"wp-block-image aligncenter size-full is-resized\"><img loading=\"lazy\" decoding=\"async\" width=\"149\" height=\"122\" src=\"https:\/\/wodys.net\/wp-content\/uploads\/2021\/10\/bs_logo.gif\" alt=\"bs_logo\" class=\"wp-image-10\" style=\"width:149px;height:122px\"\/><\/figure>\n\n\n\n<p>Neben den Versuch meine Reisen in einem Tagebuchformat festzuhalten, nutze ich die Seite um eine kleine Auswahl meiner Bilder zu zeigen.<\/p>\n\n\n\n<p>Von meinem ersten Ersparnissen kaufte ich mir eine Nikon FG mit einem 50 mm f 1,8 Objektiv. Die n\u00e4chste Anschaffung war ein Teleobjektiv. Diese Kombination hat mich auf meinen ersten Reisen und bei den ersten Kunst- und Kulturprojekten begleitet. In den Folgejahren kamen weitere &#8211; gebraucht gekaufte &#8211; Objektive, ein weiterer Body und ein Motorgriff dazu. <\/p>\n\n\n\n<p>Es folgte eine D80, sp\u00e4ter eine D300 und eine D300s. Die Spiegelreflexkameras habe ich durch ein Spiegelloses System abgel\u00f6st und meine Kameraausr\u00fcstung wurde um einiges leichter.<\/p>\n\n\n\n<p>OlyVia und OlyVer (Olympus OM-D E-M5 Mark II), sowie OlyArt (OM-D E-M1 Mark II).<\/p>\n","protected":false},"excerpt":{"rendered":"<p>Birgit. Baujahr 1966. Fernweh geplagt. Hobbyfotografin. Sch\u00f6n das du hier bist und \u00fcber meine Person mehr erfahren m\u00f6chtest. Ende 2002 bin ich mit wodys.net gestartet. Einmal, um mich mit dem Thema html auseinanderzusetzen und um meine Reisen zu dokumentieren. Neben den Versuch meine Reisen in einem Tagebuchformat festzuhalten, nutze ich die Seite um eine kleine [&hellip;]<\/p>\n","protected":false},"author":1,"featured_media":0,"parent":0,"menu_order":0,"comment_status":"closed","ping_status":"closed","template":"","meta":{"footnotes":""},"class_list":["post-24","page","type-page","status-publish","hentry"],"_links":{"self":[{"href":"https:\/\/wodys.net\/index.php\/wp-json\/wp\/v2\/pages\/24","targetHints":{"allow":["GET"]}}],"collection":[{"href":"https:\/\/wodys.net\/index.php\/wp-json\/wp\/v2\/pages"}],"about":[{"href":"https:\/\/wodys.net\/index.php\/wp-json\/wp\/v2\/types\/page"}],"author":[{"embeddable":true,"href":"https:\/\/wodys.net\/index.php\/wp-json\/wp\/v2\/users\/1"}],"replies":[{"embeddable":true,"href":"https:\/\/wodys.net\/index.php\/wp-json\/wp\/v2\/comments?post=24"}],"version-history":[{"count":28,"href":"https:\/\/wodys.net\/index.php\/wp-json\/wp\/v2\/pages\/24\/revisions"}],"predecessor-version":[{"id":5148,"href":"https:\/\/wodys.net\/index.php\/wp-json\/wp\/v2\/pages\/24\/revisions\/5148"}],"wp:attachment":[{"href":"https:\/\/wodys.net\/index.php\/wp-json\/wp\/v2\/media?parent=24"}],"curies":[{"name":"wp","href":"https:\/\/api.w.org\/{rel}","templated":true}]}}