{"id":2697,"date":"2024-04-02T16:14:16","date_gmt":"2024-04-02T14:14:16","guid":{"rendered":"https:\/\/wodys.net\/?page_id=2697"},"modified":"2024-06-06T21:55:50","modified_gmt":"2024-06-06T19:55:50","slug":"2024-rhein","status":"publish","type":"page","link":"https:\/\/wodys.net\/index.php\/blog\/2024-rhein\/","title":{"rendered":"2024 Rhein"},"content":{"rendered":"\n<h2 class=\"wp-block-heading\">Flusskreuzfahrt<br>Ein Bl\u00fctenmeer f\u00fcr die Sinne<\/h2>\n\n\n\n<p>Meine Patin m\u00f6chte ihrem Geburtstag entfliehen und fragte mich, ob ich mit ihr wegfahren w\u00fcrde. Also \u00fcberlegten wir, WAS, WIE und nat\u00fcrlich WOHIN. <\/p>\n\n\n\n<figure class=\"wp-block-table\"><table><tbody><tr><td>Wir machen<br>eine kleine Flusskreuzfahrt:<br><\/td><td><img decoding=\"async\" src=\"https:\/\/wodys.net\/wp-content\/uploads\/2024\/02\/Bild_2024-02-17_115323783.png\" alt=\"\"><\/td><\/tr><\/tbody><\/table><figcaption class=\"wp-element-caption\"><strong>K\u00f6ln \u2022 Rotterdam \u2022 Enkhuizen \u2022 Amsterdam \u2022 Nijmegen (Nimwegen) \u2022 K\u00f6ln<\/strong><\/figcaption><\/figure>\n\n\n\n<div class=\"wp-block-group has-global-padding is-layout-constrained wp-block-group-is-layout-constrained\">\n<p>Vorab habe ich uns einen Parkplatz gebucht, somit haben wir ein flexibles Zeitfenster f\u00fcr unsere Anreise. Bezahlt wird vor Ort, entweder bar oder mit Karte. <br>Kosten: 110,00 \u20ac<\/p>\n<\/div>\n\n\n\n<p>Die Rhein Symphonie muss in die Werkstatt. Nun fahren wir mit der River Sapphire (Baujahr 2006). Die River Sapphire ist normalerweise f\u00fcr G\u00e4ste aus \u00dcbersee im Einsatz. <\/p>\n\n\n\n<h3 class=\"wp-block-heading has-text-color\" style=\"color:#0d00ff\"><span style=\"text-decoration: underline;\">28. M\u00e4rz 2024<\/span><\/h3>\n\n\n\n<h4 class=\"wp-block-heading has-black-color has-text-color\"><strong>K\u00f6ln<\/strong><\/h4>\n\n\n\n<p>Wir sind gegen 12:00 Uhr los und waren gegen 13:30 Uhr am Parkhaus. Die Koffer wurden ausgeladen und der Wagen geparkt. In einer gro\u00dfen Halle, welche als Warteraum und B\u00fcro diente, bezahlte ich das Parkaus und wir warteten auf unseren Transfer zum Schiff.<\/p>\n\n\n\n<p><strong>Einschiffung 15:00 &#8211; 16:30 Uhr<\/strong><br>Das Schiff lag an der Anlegesteller Deutzer Vorhafen. Um 16:25 Uhr hiess es &#8222;Leinen los!&#8220;.<\/p>\n\n\n\n<figure class=\"wp-block-gallery has-nested-images columns-default is-cropped wp-block-gallery-1 is-layout-flex wp-block-gallery-is-layout-flex\">\n<figure class=\"wp-block-image size-large is-style-twentytwentyone-image-frame\"><img loading=\"lazy\" decoding=\"async\" width=\"1024\" height=\"752\" data-id=\"3573\" src=\"https:\/\/wodys.net\/wp-content\/uploads\/2024\/04\/2024-03-28-15.14.10-1024x752.jpg\" alt=\"\" class=\"wp-image-3573\" srcset=\"https:\/\/wodys.net\/wp-content\/uploads\/2024\/04\/2024-03-28-15.14.10-1024x752.jpg 1024w, https:\/\/wodys.net\/wp-content\/uploads\/2024\/04\/2024-03-28-15.14.10-300x220.jpg 300w, https:\/\/wodys.net\/wp-content\/uploads\/2024\/04\/2024-03-28-15.14.10-150x110.jpg 150w, https:\/\/wodys.net\/wp-content\/uploads\/2024\/04\/2024-03-28-15.14.10-768x564.jpg 768w, https:\/\/wodys.net\/wp-content\/uploads\/2024\/04\/2024-03-28-15.14.10-1536x1129.jpg 1536w, https:\/\/wodys.net\/wp-content\/uploads\/2024\/04\/2024-03-28-15.14.10-2048x1505.jpg 2048w, https:\/\/wodys.net\/wp-content\/uploads\/2024\/04\/2024-03-28-15.14.10-1568x1152.jpg 1568w\" sizes=\"auto, (max-width: 1024px) 100vw, 1024px\" \/><\/figure>\n<\/figure>\n\n\n\n<h3 class=\"wp-block-heading has-text-color\" style=\"color:#0d00ff\"><span style=\"text-decoration: underline;\">29. M\u00e4rz 2024<\/span><\/h3>\n\n\n\n<h4 class=\"wp-block-heading has-black-color has-text-color\"><strong>Rotterdam<\/strong><br>10:30 &#8211; 21:00 Uhr<\/h4>\n\n\n\n<p>W\u00e4hrend wir fr\u00fchst\u00fcckten, gleitet die River Sapphire Richtung Anlegeplatz an der Willemsbrug, mit Blick auf die Erasmusbrug und die Wolkenkratzer der Stadt. <br>Nachdem das Schiff freigegeben wurde, machten wir uns auf den Weg die angrenzenden Stra\u00dfen der Stadt zu erkunden.<\/p>\n\n\n\n<p>Unser Weg f\u00fchrte uns erst zum Kubushaus, den Baumh\u00e4usern des Architekten Piet Blom. Diese stehen der Markthalle vis-\u00e0-vis gegen\u00fcber. <\/p>\n\n\n\n<p>Die Markthalle beherbergt Parkpl\u00e4tze, einen gro\u00dfen Lebensmittelmarkt im UG, Restaurant, Caf\u00e9s und verschiedene kleine Gesch\u00e4fte im EG, sowie Wohneinheiten dar\u00fcber.<\/p>\n\n\n\n<p>Von hier aus schlenderten wir durch die Stra\u00dfen, unter anderen an der Laurenskerk vorbei. Die Kirche ist ist der einzige mittelalterliche \u00dcberrest der Stadt Rotterdam nach dem Bombardements der dt. Luftwaffe w\u00e4hrend des 2. WKs.<\/p>\n\n\n\n<p>In einem netten Eck-Caf\u00e9 machten wir eine Cappuccino Pause, bevor wir \u00fcber weitere Nebenstra\u00dfen zur\u00fcck zum Schiff schlenderten.<\/p>\n\n\n\n<p>Doch vorher sind wir noch \u00fcber die Willemsbrug nach Noordereiland gelaufen, dort gibt es eine alte Eisenbahn-Hubbr\u00fccke, die Koningshavenbrug De Hef. Von dieser Flussinsel ging eine Eisenbahnlinie bis Breda. Die Linie wurde durch einen Tunnel ersetzt.<\/p>\n\n\n\n<p>Mit dem Ablegen nach Einbruch der Dunkelheit fuhren wir erst Richtung Nordsee, unter der Erasmusbr\u00fccke durch, drehten und das Schiff suchte sich seinen Weg durch die Nacht Richtung Enkhuizen.<\/p>\n\n\n\n<figure class=\"wp-block-gallery has-nested-images columns-default is-cropped wp-block-gallery-3 is-layout-flex wp-block-gallery-is-layout-flex\">\n<figure class=\"wp-block-image size-large is-style-twentytwentyone-image-frame\"><img loading=\"lazy\" decoding=\"async\" width=\"768\" height=\"1024\" data-id=\"3574\" src=\"https:\/\/wodys.net\/wp-content\/uploads\/2024\/04\/2024-03-29-10.12.19-768x1024.jpg\" alt=\"\" class=\"wp-image-3574\" srcset=\"https:\/\/wodys.net\/wp-content\/uploads\/2024\/04\/2024-03-29-10.12.19-768x1024.jpg 768w, https:\/\/wodys.net\/wp-content\/uploads\/2024\/04\/2024-03-29-10.12.19-225x300.jpg 225w, https:\/\/wodys.net\/wp-content\/uploads\/2024\/04\/2024-03-29-10.12.19-113x150.jpg 113w, https:\/\/wodys.net\/wp-content\/uploads\/2024\/04\/2024-03-29-10.12.19-1152x1536.jpg 1152w, https:\/\/wodys.net\/wp-content\/uploads\/2024\/04\/2024-03-29-10.12.19-1536x2048.jpg 1536w, https:\/\/wodys.net\/wp-content\/uploads\/2024\/04\/2024-03-29-10.12.19-1568x2091.jpg 1568w, https:\/\/wodys.net\/wp-content\/uploads\/2024\/04\/2024-03-29-10.12.19-scaled.jpg 1920w\" sizes=\"auto, (max-width: 768px) 100vw, 768px\" \/><figcaption class=\"wp-element-caption\">Kubushaus<\/figcaption><\/figure>\n\n\n\n<figure class=\"wp-block-image size-large is-style-twentytwentyone-image-frame\"><img loading=\"lazy\" decoding=\"async\" width=\"768\" height=\"1024\" data-id=\"3575\" src=\"https:\/\/wodys.net\/wp-content\/uploads\/2024\/04\/2024-03-29-10.22.34-768x1024.jpg\" alt=\"\" class=\"wp-image-3575\" srcset=\"https:\/\/wodys.net\/wp-content\/uploads\/2024\/04\/2024-03-29-10.22.34-768x1024.jpg 768w, https:\/\/wodys.net\/wp-content\/uploads\/2024\/04\/2024-03-29-10.22.34-225x300.jpg 225w, https:\/\/wodys.net\/wp-content\/uploads\/2024\/04\/2024-03-29-10.22.34-113x150.jpg 113w, https:\/\/wodys.net\/wp-content\/uploads\/2024\/04\/2024-03-29-10.22.34-1152x1536.jpg 1152w, https:\/\/wodys.net\/wp-content\/uploads\/2024\/04\/2024-03-29-10.22.34-1536x2048.jpg 1536w, https:\/\/wodys.net\/wp-content\/uploads\/2024\/04\/2024-03-29-10.22.34-1568x2091.jpg 1568w, https:\/\/wodys.net\/wp-content\/uploads\/2024\/04\/2024-03-29-10.22.34-scaled.jpg 1920w\" sizes=\"auto, (max-width: 768px) 100vw, 768px\" \/><figcaption class=\"wp-element-caption\">Markthalle<\/figcaption><\/figure>\n\n\n\n<figure class=\"wp-block-image size-large is-style-twentytwentyone-image-frame\"><img loading=\"lazy\" decoding=\"async\" width=\"1024\" height=\"768\" data-id=\"3598\" src=\"https:\/\/wodys.net\/wp-content\/uploads\/2024\/05\/20240329_1303_S3290145-1024x768.jpg\" alt=\"\" class=\"wp-image-3598\" srcset=\"https:\/\/wodys.net\/wp-content\/uploads\/2024\/05\/20240329_1303_S3290145-1024x768.jpg 1024w, https:\/\/wodys.net\/wp-content\/uploads\/2024\/05\/20240329_1303_S3290145-300x225.jpg 300w, https:\/\/wodys.net\/wp-content\/uploads\/2024\/05\/20240329_1303_S3290145-150x113.jpg 150w, https:\/\/wodys.net\/wp-content\/uploads\/2024\/05\/20240329_1303_S3290145-768x576.jpg 768w, https:\/\/wodys.net\/wp-content\/uploads\/2024\/05\/20240329_1303_S3290145-1536x1152.jpg 1536w, https:\/\/wodys.net\/wp-content\/uploads\/2024\/05\/20240329_1303_S3290145-2048x1536.jpg 2048w, https:\/\/wodys.net\/wp-content\/uploads\/2024\/05\/20240329_1303_S3290145-1568x1176.jpg 1568w\" sizes=\"auto, (max-width: 1024px) 100vw, 1024px\" \/><figcaption class=\"wp-element-caption\">Willemsbrug<\/figcaption><\/figure>\n\n\n\n<figure class=\"wp-block-image size-large is-style-twentytwentyone-image-frame wp-duotone-unset-2\"><img loading=\"lazy\" decoding=\"async\" width=\"1024\" height=\"768\" data-id=\"3599\" src=\"https:\/\/wodys.net\/wp-content\/uploads\/2024\/05\/20240329_1305_S3290151-1024x768.jpg\" alt=\"\" class=\"wp-image-3599\" srcset=\"https:\/\/wodys.net\/wp-content\/uploads\/2024\/05\/20240329_1305_S3290151-1024x768.jpg 1024w, https:\/\/wodys.net\/wp-content\/uploads\/2024\/05\/20240329_1305_S3290151-300x225.jpg 300w, https:\/\/wodys.net\/wp-content\/uploads\/2024\/05\/20240329_1305_S3290151-150x113.jpg 150w, https:\/\/wodys.net\/wp-content\/uploads\/2024\/05\/20240329_1305_S3290151-768x576.jpg 768w, https:\/\/wodys.net\/wp-content\/uploads\/2024\/05\/20240329_1305_S3290151-1536x1152.jpg 1536w, https:\/\/wodys.net\/wp-content\/uploads\/2024\/05\/20240329_1305_S3290151-2048x1536.jpg 2048w, https:\/\/wodys.net\/wp-content\/uploads\/2024\/05\/20240329_1305_S3290151-1568x1176.jpg 1568w\" sizes=\"auto, (max-width: 1024px) 100vw, 1024px\" \/><figcaption class=\"wp-element-caption\">Rotterdamer Skyline<\/figcaption><\/figure>\n<\/figure>\n\n\n\n<h3 class=\"wp-block-heading has-text-color\" style=\"color:#0d00ff\"><span style=\"text-decoration: underline;\">30. M\u00e4rz 2024<\/span><\/h3>\n\n\n\n<h4 class=\"wp-block-heading has-black-color has-text-color\"><strong>Enkhuizen<\/strong><br>11:30 &#8211; 22:00 Uhr<\/h4>\n\n\n\n<p>Als ich wach wurde befanden wir uns schon auf dem Ijsselmeer. Wie immer schenkten wir uns das Mittagessen auf dem Schiff und gingen sofort nach dem Anlegen an Land. <\/p>\n\n\n\n<p>Wir liefen um den Buitenhaven zum Drommedaris Turm, hier ging es \u00fcber eine Klappbr\u00fccke, wir liefen bis zum Stadtgef\u00e4ngnis, dann zur Kirche, durch die Fussg\u00e4ngerzone zum Alten Hafen zur\u00fcck zur Klappbr\u00fccke.<\/p>\n\n\n\n<p>Unser Mittagessen g\u00f6nnten wir uns beim &#8222;Vishandel van der Veen&#8220;, ich kann den Fischladen mit kleinem Restaurant sehr empfehlen. Freundliche und hilfsbereite Mitarbeiter und lekkere Gerichte. Ich bestellte mir Kibbeling.<\/p>\n\n\n\n<figure class=\"wp-block-gallery has-nested-images columns-default is-cropped wp-block-gallery-4 is-layout-flex wp-block-gallery-is-layout-flex\">\n<figure class=\"wp-block-image size-large is-style-twentytwentyone-image-frame\"><img loading=\"lazy\" decoding=\"async\" width=\"1024\" height=\"1024\" data-id=\"3584\" src=\"https:\/\/wodys.net\/wp-content\/uploads\/2024\/05\/20240330_1154_S3300178-1024x1024.jpg\" alt=\"\" class=\"wp-image-3584\" srcset=\"https:\/\/wodys.net\/wp-content\/uploads\/2024\/05\/20240330_1154_S3300178-1024x1024.jpg 1024w, https:\/\/wodys.net\/wp-content\/uploads\/2024\/05\/20240330_1154_S3300178-300x300.jpg 300w, https:\/\/wodys.net\/wp-content\/uploads\/2024\/05\/20240330_1154_S3300178-150x150.jpg 150w, https:\/\/wodys.net\/wp-content\/uploads\/2024\/05\/20240330_1154_S3300178-768x768.jpg 768w, https:\/\/wodys.net\/wp-content\/uploads\/2024\/05\/20240330_1154_S3300178-1536x1536.jpg 1536w, https:\/\/wodys.net\/wp-content\/uploads\/2024\/05\/20240330_1154_S3300178-2048x2048.jpg 2048w, https:\/\/wodys.net\/wp-content\/uploads\/2024\/05\/20240330_1154_S3300178-1568x1568.jpg 1568w\" sizes=\"auto, (max-width: 1024px) 100vw, 1024px\" \/><figcaption class=\"wp-element-caption\">Drommedaris<\/figcaption><\/figure>\n\n\n\n<figure class=\"wp-block-image size-large is-style-twentytwentyone-image-frame\"><img loading=\"lazy\" decoding=\"async\" width=\"768\" height=\"1024\" data-id=\"3604\" src=\"https:\/\/wodys.net\/wp-content\/uploads\/2024\/05\/20240330_1217_S3300201-768x1024.jpg\" alt=\"\" class=\"wp-image-3604\" srcset=\"https:\/\/wodys.net\/wp-content\/uploads\/2024\/05\/20240330_1217_S3300201-768x1024.jpg 768w, https:\/\/wodys.net\/wp-content\/uploads\/2024\/05\/20240330_1217_S3300201-225x300.jpg 225w, https:\/\/wodys.net\/wp-content\/uploads\/2024\/05\/20240330_1217_S3300201-113x150.jpg 113w, https:\/\/wodys.net\/wp-content\/uploads\/2024\/05\/20240330_1217_S3300201-1152x1536.jpg 1152w, https:\/\/wodys.net\/wp-content\/uploads\/2024\/05\/20240330_1217_S3300201-1536x2048.jpg 1536w, https:\/\/wodys.net\/wp-content\/uploads\/2024\/05\/20240330_1217_S3300201-1568x2090.jpg 1568w, https:\/\/wodys.net\/wp-content\/uploads\/2024\/05\/20240330_1217_S3300201-scaled.jpg 1920w\" sizes=\"auto, (max-width: 768px) 100vw, 768px\" \/><figcaption class=\"wp-element-caption\">Stadsgevangenis<\/figcaption><\/figure>\n\n\n\n<figure class=\"wp-block-image size-large is-style-twentytwentyone-image-frame\"><img loading=\"lazy\" decoding=\"async\" width=\"768\" height=\"1024\" data-id=\"3605\" src=\"https:\/\/wodys.net\/wp-content\/uploads\/2024\/05\/20240330_1340_S3300220-768x1024.jpg\" alt=\"\" class=\"wp-image-3605\" srcset=\"https:\/\/wodys.net\/wp-content\/uploads\/2024\/05\/20240330_1340_S3300220-768x1024.jpg 768w, https:\/\/wodys.net\/wp-content\/uploads\/2024\/05\/20240330_1340_S3300220-225x300.jpg 225w, https:\/\/wodys.net\/wp-content\/uploads\/2024\/05\/20240330_1340_S3300220-113x150.jpg 113w, https:\/\/wodys.net\/wp-content\/uploads\/2024\/05\/20240330_1340_S3300220-1152x1536.jpg 1152w, https:\/\/wodys.net\/wp-content\/uploads\/2024\/05\/20240330_1340_S3300220-1536x2048.jpg 1536w, https:\/\/wodys.net\/wp-content\/uploads\/2024\/05\/20240330_1340_S3300220-1568x2091.jpg 1568w, https:\/\/wodys.net\/wp-content\/uploads\/2024\/05\/20240330_1340_S3300220-scaled.jpg 1920w\" sizes=\"auto, (max-width: 768px) 100vw, 768px\" \/><\/figure>\n\n\n\n<figure class=\"wp-block-image size-large is-style-twentytwentyone-image-frame\"><img loading=\"lazy\" decoding=\"async\" width=\"1024\" height=\"768\" data-id=\"3608\" src=\"https:\/\/wodys.net\/wp-content\/uploads\/2024\/05\/20240330_1206_S3300194-1024x768.jpg\" alt=\"\" class=\"wp-image-3608\" srcset=\"https:\/\/wodys.net\/wp-content\/uploads\/2024\/05\/20240330_1206_S3300194-1024x768.jpg 1024w, https:\/\/wodys.net\/wp-content\/uploads\/2024\/05\/20240330_1206_S3300194-300x225.jpg 300w, https:\/\/wodys.net\/wp-content\/uploads\/2024\/05\/20240330_1206_S3300194-150x113.jpg 150w, https:\/\/wodys.net\/wp-content\/uploads\/2024\/05\/20240330_1206_S3300194-768x576.jpg 768w, https:\/\/wodys.net\/wp-content\/uploads\/2024\/05\/20240330_1206_S3300194-1536x1152.jpg 1536w, https:\/\/wodys.net\/wp-content\/uploads\/2024\/05\/20240330_1206_S3300194-2048x1536.jpg 2048w, https:\/\/wodys.net\/wp-content\/uploads\/2024\/05\/20240330_1206_S3300194-1568x1176.jpg 1568w\" sizes=\"auto, (max-width: 1024px) 100vw, 1024px\" \/><\/figure>\n<\/figure>\n\n\n\n<h3 class=\"wp-block-heading has-text-color\" style=\"color:#0d00ff\"><span style=\"text-decoration: underline;\"><span style=\"text-decoration: underline;\">31. M\u00e4rz 2024<\/span><\/span><\/h3>\n\n\n\n<h4 class=\"wp-block-heading has-black-color has-text-color\"><strong>Amsterdam<\/strong><br>3:30 &#8211; 18:00 Uhr<\/h4>\n\n\n\n<p>AbsatzText<\/p>\n\n\n\n<figure class=\"wp-block-gallery has-nested-images columns-2 is-cropped wp-block-gallery-5 is-layout-flex wp-block-gallery-is-layout-flex\">\n<figure class=\"wp-block-image size-large is-style-twentytwentyone-image-frame\"><img loading=\"lazy\" decoding=\"async\" width=\"1024\" height=\"768\" data-id=\"3620\" src=\"https:\/\/wodys.net\/wp-content\/uploads\/2024\/05\/20240331_1009_S3310228-1024x768.jpg\" alt=\"\" class=\"wp-image-3620\" srcset=\"https:\/\/wodys.net\/wp-content\/uploads\/2024\/05\/20240331_1009_S3310228-1024x768.jpg 1024w, https:\/\/wodys.net\/wp-content\/uploads\/2024\/05\/20240331_1009_S3310228-300x225.jpg 300w, https:\/\/wodys.net\/wp-content\/uploads\/2024\/05\/20240331_1009_S3310228-150x113.jpg 150w, https:\/\/wodys.net\/wp-content\/uploads\/2024\/05\/20240331_1009_S3310228-768x576.jpg 768w, https:\/\/wodys.net\/wp-content\/uploads\/2024\/05\/20240331_1009_S3310228-1536x1152.jpg 1536w, https:\/\/wodys.net\/wp-content\/uploads\/2024\/05\/20240331_1009_S3310228-2048x1536.jpg 2048w, https:\/\/wodys.net\/wp-content\/uploads\/2024\/05\/20240331_1009_S3310228-1568x1176.jpg 1568w\" sizes=\"auto, (max-width: 1024px) 100vw, 1024px\" \/><\/figure>\n\n\n\n<figure class=\"wp-block-image size-large is-style-twentytwentyone-image-frame\"><img loading=\"lazy\" decoding=\"async\" width=\"1024\" height=\"768\" data-id=\"3619\" src=\"https:\/\/wodys.net\/wp-content\/uploads\/2024\/05\/20240331_1009_S3310229-1024x768.jpg\" alt=\"\" class=\"wp-image-3619\" srcset=\"https:\/\/wodys.net\/wp-content\/uploads\/2024\/05\/20240331_1009_S3310229-1024x768.jpg 1024w, https:\/\/wodys.net\/wp-content\/uploads\/2024\/05\/20240331_1009_S3310229-300x225.jpg 300w, https:\/\/wodys.net\/wp-content\/uploads\/2024\/05\/20240331_1009_S3310229-150x113.jpg 150w, https:\/\/wodys.net\/wp-content\/uploads\/2024\/05\/20240331_1009_S3310229-768x576.jpg 768w, https:\/\/wodys.net\/wp-content\/uploads\/2024\/05\/20240331_1009_S3310229-1536x1152.jpg 1536w, https:\/\/wodys.net\/wp-content\/uploads\/2024\/05\/20240331_1009_S3310229-2048x1536.jpg 2048w, https:\/\/wodys.net\/wp-content\/uploads\/2024\/05\/20240331_1009_S3310229-1568x1176.jpg 1568w\" sizes=\"auto, (max-width: 1024px) 100vw, 1024px\" \/><\/figure>\n\n\n\n<figure class=\"wp-block-image size-large is-style-twentytwentyone-image-frame\"><img loading=\"lazy\" decoding=\"async\" width=\"1024\" height=\"768\" data-id=\"3618\" src=\"https:\/\/wodys.net\/wp-content\/uploads\/2024\/05\/20240331_1015_S3310230-1024x768.jpg\" alt=\"\" class=\"wp-image-3618\" srcset=\"https:\/\/wodys.net\/wp-content\/uploads\/2024\/05\/20240331_1015_S3310230-1024x768.jpg 1024w, https:\/\/wodys.net\/wp-content\/uploads\/2024\/05\/20240331_1015_S3310230-300x225.jpg 300w, https:\/\/wodys.net\/wp-content\/uploads\/2024\/05\/20240331_1015_S3310230-150x113.jpg 150w, https:\/\/wodys.net\/wp-content\/uploads\/2024\/05\/20240331_1015_S3310230-768x576.jpg 768w, https:\/\/wodys.net\/wp-content\/uploads\/2024\/05\/20240331_1015_S3310230-1536x1152.jpg 1536w, https:\/\/wodys.net\/wp-content\/uploads\/2024\/05\/20240331_1015_S3310230-2048x1536.jpg 2048w, https:\/\/wodys.net\/wp-content\/uploads\/2024\/05\/20240331_1015_S3310230-1568x1176.jpg 1568w\" sizes=\"auto, (max-width: 1024px) 100vw, 1024px\" \/><\/figure>\n<\/figure>\n\n\n\n<h3 class=\"wp-block-heading has-text-color\" style=\"color:#0d00ff\"><span style=\"text-decoration: underline;\"><span style=\"text-decoration: underline;\"><span style=\"text-decoration: underline;\"><span style=\"text-decoration: underline;\">01. April 2024<\/span><\/span><\/span><\/span><\/h3>\n\n\n\n<h4 class=\"wp-block-heading has-black-color has-text-color\"><strong>Nijmegen (Nimwegen)<\/strong><br>2:30 &#8211; 13:30 Uhr<\/h4>\n\n\n\n<p>Ein verregneter Tag in Nijmegen. Wir sind erst in ein Caf\u00e9 gefl\u00fcchtet, sind dann \u00fcber den entt\u00e4uschenden Markt geschlendert und haben uns die Stadt angesehen. Geplant war, das wir uns hier K\u00e4se kaufen wollten, doch der beste K\u00e4seladen am Platz hatte zu und die Superm\u00e4rkte f\u00fchrten nur Schnittk\u00e4se als Massenware. <\/p>\n\n\n\n<h3 class=\"wp-block-heading has-text-color\" style=\"color:#0d00ff\"><span style=\"text-decoration: underline;\"><span style=\"text-decoration: underline;\"><span style=\"text-decoration: underline;\"><span style=\"text-decoration: underline;\">02. April 2024<\/span><\/span><\/span><\/span><\/h3>\n\n\n\n<h4 class=\"wp-block-heading has-black-color has-text-color\"><strong>K\u00f6ln<\/strong><br>7:00 &#8211; 9:00 Uhr<\/h4>\n\n\n\n<p>Wir sind die ganze Nacht gefahren und waren p\u00fcnktlich um 7:00 Uhr in K\u00f6ln. Die Koffer haben wir vor die Kabinent\u00fcren gestellt und sind fr\u00fchst\u00fccken gegangen. Nach dem Fr\u00fchst\u00fcck holten wir unser Handgep\u00e4ck und warteten auf unseren Shuttle-Bus zum Parkhaus.<\/p>\n\n\n\n<p>Die R\u00fcckreise verlief reibungslos und wir waren um die Mittagszeit zur\u00fcck.<\/p>\n","protected":false},"excerpt":{"rendered":"<p>FlusskreuzfahrtEin Bl\u00fctenmeer f\u00fcr die Sinne Meine Patin m\u00f6chte ihrem Geburtstag entfliehen und fragte mich, ob ich mit ihr wegfahren w\u00fcrde. Also \u00fcberlegten wir, WAS, WIE und nat\u00fcrlich WOHIN. Wir macheneine kleine Flusskreuzfahrt: K\u00f6ln \u2022 Rotterdam \u2022 Enkhuizen \u2022 Amsterdam \u2022 Nijmegen (Nimwegen) \u2022 K\u00f6ln Vorab habe ich uns einen Parkplatz gebucht, somit haben wir ein [&hellip;]<\/p>\n","protected":false},"author":1,"featured_media":0,"parent":26,"menu_order":0,"comment_status":"closed","ping_status":"closed","template":"","meta":{"footnotes":""},"class_list":["post-2697","page","type-page","status-publish","hentry"],"_links":{"self":[{"href":"https:\/\/wodys.net\/index.php\/wp-json\/wp\/v2\/pages\/2697","targetHints":{"allow":["GET"]}}],"collection":[{"href":"https:\/\/wodys.net\/index.php\/wp-json\/wp\/v2\/pages"}],"about":[{"href":"https:\/\/wodys.net\/index.php\/wp-json\/wp\/v2\/types\/page"}],"author":[{"embeddable":true,"href":"https:\/\/wodys.net\/index.php\/wp-json\/wp\/v2\/users\/1"}],"replies":[{"embeddable":true,"href":"https:\/\/wodys.net\/index.php\/wp-json\/wp\/v2\/comments?post=2697"}],"version-history":[{"count":61,"href":"https:\/\/wodys.net\/index.php\/wp-json\/wp\/v2\/pages\/2697\/revisions"}],"predecessor-version":[{"id":3632,"href":"https:\/\/wodys.net\/index.php\/wp-json\/wp\/v2\/pages\/2697\/revisions\/3632"}],"up":[{"embeddable":true,"href":"https:\/\/wodys.net\/index.php\/wp-json\/wp\/v2\/pages\/26"}],"wp:attachment":[{"href":"https:\/\/wodys.net\/index.php\/wp-json\/wp\/v2\/media?parent=2697"}],"curies":[{"name":"wp","href":"https:\/\/api.w.org\/{rel}","templated":true}]}}