{"id":752,"date":"2021-12-26T23:13:24","date_gmt":"2021-12-26T22:13:24","guid":{"rendered":"https:\/\/wodys.net\/?page_id=752"},"modified":"2026-04-16T21:15:54","modified_gmt":"2026-04-16T19:15:54","slug":"2013-paris","status":"publish","type":"page","link":"https:\/\/wodys.net\/index.php\/blog\/archiv\/2013-paris\/","title":{"rendered":"2013 Paris"},"content":{"rendered":"\n<p>Ich habe uns ein Hotel gebucht.<br>Hotel Waldorf Montparnasse, 17 Rue du D\u00e9part, 75014 Paris<br>Metro 4, Montparnasse Bienven\u00fce<br><br>Und unsere Thalys Karten sind auch schon da! Direkt aus Paris.<\/p>\n\n\n\n<h3 class=\"wp-block-heading\" id=\"montag-05-08-2013\">Montag, 05.08.2013<\/h3>\n\n\n\n<p><strong>Paris, wir kommen<\/strong><br>Mein Wecker klingelt um 3:40 Uhr. Andi und Charleen holen mich um 4:30 Uhr ab.<br>Viel zu fr\u00fch um wach zu sein. Um 5 Uhr waren wir am Essener Hbf, die Gesch\u00e4fte \u00f6ffneten gerade ihre Pforten und wir beschlossen uns erst einmal was zu essen zu kaufen. Ein belegtes Br\u00f6tchen f\u00fcr Charleen und ein Croissant pour moi.<br>W\u00e4hrend wir am Gleis 1, kauend auf einer Bank sitzend, auf den Thalys warteten, erfolgte auch schon die erste Durchsage: Aufgrund einer Verkehrsst\u00f6rung hat der Thalys zwanzig Minuten Versp\u00e4tung. Herzlich Willkommen auf dem dt. Schienennetz.<br><br>Der Thalys fuhr p\u00fcnktlich ein und mit zwanzig Minuten Versp\u00e4tung ging es von <strong>Essen<\/strong> \u00fcber <strong>Duisburg<\/strong>, <strong>D\u00fcsseldorf<\/strong>, <strong>K\u00f6ln<\/strong> bis nach <strong>Aachen<\/strong>. Hier gab es Fr\u00fchst\u00fcck (kaltes R\u00fchrei) und ich musste mein leichtes Nickerchen unterbrechen.<br>Der n\u00e4chste Halt war <strong>L\u00fcttich<\/strong> und nun liegt nur noch <strong>Br\u00fcssel<\/strong> und <strong>Paris<\/strong> vor uns.<br><br><strong>Kleiner Tipp<\/strong>: Im Thalys kann man sich nicht nur ein Taxi bestellen, sondern bekommt auch Metrokarten, im Speisewagen. <\/p>\n\n\n\n<p>Leider habe ich das nicht gecheckt, so mussten wir uns im <strong>Gare du Nord<\/strong> an einem der wenigen Automaten anstellen um die ersten Metrokarten f\u00fcr die Fahrt zu unserem Hotel zu ergattern.<br><br>Zur Zeit kostet eine <strong>einfache Fahrt 1,70 Euro<\/strong>. Ein <strong>10er Block 13,30 Euro<\/strong>. Hier lohnt sich zu rechnen, ob man billiger mit den Einzeltickets fahren kann, oder ob man auf ein Tagesticket wechseln sollte.<br><br>Wir mussten mit der <strong>4<\/strong> bis <strong>Montparnasse-Bienven\u00fce<\/strong>, hier gab es sieben Ausg\u00e4nge, einer davon sollte direkt auf der <strong>Rue de Depart<\/strong> heraus kommen. Wir landeten in einem Einkaufszentrum und nahmen die Rolltreppe ans Tageslicht. Leider gab es an der Stra\u00dfe kein Stra\u00dfenschild, so haben wir die Kreuzung einmal umkreist, um zum Schluss wieder dort zu stehen, wo wir angefangen haben. Doch diesmal &#8211; oh Wunder &#8211; gab es ein Stra\u00dfenschild. Den Spaziergang h\u00e4tten wir uns schenken k\u00f6nnen. C\u00b4est la vie.<\/p>\n\n\n\n<h3 class=\"wp-block-heading\" id=\"dienstag-06-08-2013\">Dienstag, 06.08.2013<\/h3>\n\n\n\n<p><strong>ein Metro Tag<\/strong><br>Ungewohnt, 08:15 Uhr, der Wecker klingelt ich stehe auf und schleiche ins Bad. Anschlie\u00dfend musste ich Charleen wach r\u00fctteln.<br>Der Fr\u00fchst\u00fccksraum liegt im Keller. Naja, da war die Empfehlung des Essener Reiseb\u00fcros &#8222;Reiseland&#8220; ja nicht so prickelnd. Der Raum hat den Flair einer Kleingarten-Gastst\u00e4tte.<br><br>Nach dem Fr\u00fchst\u00fcck ging es zu unserer Metro Station. Wir fuhren mit der <strong>4<\/strong> bis <strong>Les Halles<\/strong> und dann mit der <strong>1<\/strong> bis zum <strong>Arc de Triomphe<\/strong>.<br>Von hier aus schlenderten wir die <strong>Avenue des Champs-\u00c9lys\u00e9es<\/strong> hinab.Schauten uns Luxuskarossen an, waren im Disneyladen, bei GAP und nat\u00fcrlich bei dem Muskelm\u00e4nnerladen Abercrombie &amp; Fitch.<br><br>\u00dcber die <strong>Br\u00fccke Alex 3<\/strong>. und dort mit der Metro hoch nach <strong>Montmartre<\/strong>. Nie wieder laufe ich an einem Fahrstuhl vorbei. Wir sind gef\u00fchlte 6 Stockwerke bis ans Tageslicht gelaufen, dann den Berg hoch und neben der Seilbahn nochmals 300 Stufen hoch. Rechts rum und wir standen direkt unterhalb der <strong>Basilika Sacr\u00e9-C\u0153ur<\/strong> (r\u00f6misch-katholische Wallfahrtskirche)auf dem Montmartre in Paris. Von hier aus genossen wir den Blick \u00fcber Paris und schlenderten anschlie\u00dfend \u00fcber den K\u00fcnstlerplatz, durch die kleinen G\u00e4sschen, hinten herum nach Sacr\u00e9-C\u0153ur.<br>Hier fing uns ein Maler ab. Ich k\u00f6nnte schw\u00f6ren, es war der gleiche,der schon Melissa malen wollte. Charleen stimmte zu, und so entstand eine nette Kohlezeichnung.<br><br>Von Sacre Coer aus sind wir dann zum HardRockCafe gefahren, T-Shirts kaufen, etwas kaltes trinken und gegen 18 Uhr auch etwas essen.<br><br>Danach ging es zur\u00fcck zum Hotel, um draussen noch etwas trinken zu gehen. Im La Maritime genossen wir den Charme des Kellners und einen Caipirinha.<\/p>\n\n\n\n<h3 class=\"wp-block-heading\" id=\"mittwoch-07-08-2013\">Mittwoch, 07.08.2013<\/h3>\n\n\n\n<p><strong>Regen und eine kilometerlange Museumsschlange<\/strong><br>Als ich heute morgen aus dem Fenster schaute, goss es in Str\u00f6men. Also wollten wir die <strong>Madam Lisa<\/strong> besuchen fahren.Doch als wir am <strong>Louvre<\/strong> den ersten Innenhof betraten reichte die Schlange der Museumsbesucher vom Eingang der Glaspyramide \u00fcber den ersten Innenhof, durch das Tor bis zum Ende des zweiten Innenhofes. Somit verwarfen wir diesen Gedanken und machten uns auf den Weg zu <strong>Les Halles<\/strong> um etwas zu shoppen. Leider ist das Forum eine Grossbaustelle, so das viele Gesch\u00e4fte nicht mehr da waren. Da es immer noch bew\u00f6lkt und regnerisch war, sollte unser n\u00e4chstes Ziel die Shopping Mall <strong>Lafayette<\/strong> sein. Was f\u00fcr ein Konsumtempel! Als wir das Kaufhaus mit seinen Touristenschw\u00e4rmen wieder verliessen, begr\u00fcsste uns die Sonne. Charleen wollte auf der <strong>Rue de F. de S. A.<\/strong> im <strong>Extra Old<\/strong> essen gehen, also fuhren wir quer durch die Stadt in das Arondissment in dem ich mit Melissa 2009 untergekommen bin.Wir waren fr\u00fch genug um noch einen Tisch draussen zu ergattern. Sp\u00e4t und total geschafft, kehrten wir in unser Hotel ein.<\/p>\n\n\n\n<h3 class=\"wp-block-heading\" id=\"donnerstag-08-08-2013\">Donnerstag, 08.08.2013<\/h3>\n\n\n\n<p><strong>Mona Lisa und die Rikschatour<\/strong><br>Heute Morgen strahlte uns der Himmel wieder an. Trotzdem wollten wir erst die Mona Lisa besuchen. Also fuhren wir mit de Metro xxx bis louvre xxx. Von hier aus kommt man direkt in das unterirdische Kaufhaus Caroussell. Wir mussten einmal durch eine Sicherheitsschleuse und schon standen wir vor den verschiedenen Theken unter der Glaspyramide. Eine Info-Theke, eine pers\u00f6nliche Karten Anlaufstelle und verschieden kleine Inseln mit Automaten 2 f\u00fcr Barzahler und jeweils 4 f\u00fcr Credtcards. Ich holte mir eine Eintrittskarte. in frankreich d\u00fcrfen Jugendliche kostenlos ins Museum. Eine gute Idee, f\u00fcr die Bildung. wir schlenderten erst durch den xxxx Fl\u00fcgel. um uns anschl. den Weg zum Empfangsraum der Madam Mona zu suchen. Irgendwann war die Mona Lisa ausgeschildert und schlagartig war die museale Ruhe dahin. Hektisches gehetzte, rufe, Menschenmassen. Und dann sahen wir sie. Eine dichte Masse von Menschenleibern, like a Rockstar bei der Autogrammstunde. Wenn man sich die Ruhe nimmt, so wird man ganz automatisch nach vorne geschoben, man hat zwei, drei Minuten Zeit, dann wird das Absperrband ge\u00f6ffnet und man muss links oder rechtsrum raus. also ruhig zeit lassen und sich das Bild aus der zweiten reihe ansehen. Umdrehen und in die erwartungsvollen Gesuchter von hunderten von Menschen schauen, hochgehaltene Kameras, Smartphone klicken. Wahnsinn, aber es war das Wert. Danach schlenderten wir in Ruhe Richtung Ausgang. Einmal kostenfrei surfen im Apple store und ab ging es Richtung Rathaus. Hier haben wir eine Kleinigkeit gegessen, sind dann zu den beiden <strong>Seine Inseln<\/strong> gelaufen. Erst zu <strong>Bartillon<\/strong>, ein Eis im H\u00f6rnchen, was wir uns im Schatten auf einer Treppe schmecken liessen, dann ging es zum Platz von <strong>Notre Dame<\/strong>. Platz? Wo ist der grosse Platz geblieben? Direkt vor der Kirche erhob sich eine Tribune. Charleen wollte Rikscha fahren, also liessen wir uns , f\u00fcr schlappe 30 Euro, zum <strong>Trocadero<\/strong> fahren. jippiiii<\/p>\n\n\n\n<h3 class=\"wp-block-heading\" id=\"freitag-09-08-2013\">Freitag, 09.08.2013<\/h3>\n\n\n\n<p><strong>Museum d&#8217;Orsay<\/strong><\/p>\n\n\n\n<h3 class=\"wp-block-heading\" id=\"samstag-10-08-2013\">Samstag, 10.08.2013<\/h3>\n\n\n\n<p><strong>R\u00fcckfahrt<\/strong><\/p>\n","protected":false},"excerpt":{"rendered":"<p>Ich habe uns ein Hotel gebucht.Hotel Waldorf Montparnasse, 17 Rue du D\u00e9part, 75014 ParisMetro 4, Montparnasse Bienven\u00fce Und unsere Thalys Karten sind auch schon da! Direkt aus Paris. Montag, 05.08.2013 Paris, wir kommenMein Wecker klingelt um 3:40 Uhr. Andi und Charleen holen mich um 4:30 Uhr ab.Viel zu fr\u00fch um wach zu sein. Um 5 [&hellip;]<\/p>\n","protected":false},"author":1,"featured_media":0,"parent":3205,"menu_order":0,"comment_status":"closed","ping_status":"closed","template":"","meta":{"footnotes":""},"class_list":["post-752","page","type-page","status-publish","hentry"],"_links":{"self":[{"href":"https:\/\/wodys.net\/index.php\/wp-json\/wp\/v2\/pages\/752","targetHints":{"allow":["GET"]}}],"collection":[{"href":"https:\/\/wodys.net\/index.php\/wp-json\/wp\/v2\/pages"}],"about":[{"href":"https:\/\/wodys.net\/index.php\/wp-json\/wp\/v2\/types\/page"}],"author":[{"embeddable":true,"href":"https:\/\/wodys.net\/index.php\/wp-json\/wp\/v2\/users\/1"}],"replies":[{"embeddable":true,"href":"https:\/\/wodys.net\/index.php\/wp-json\/wp\/v2\/comments?post=752"}],"version-history":[{"count":3,"href":"https:\/\/wodys.net\/index.php\/wp-json\/wp\/v2\/pages\/752\/revisions"}],"predecessor-version":[{"id":1217,"href":"https:\/\/wodys.net\/index.php\/wp-json\/wp\/v2\/pages\/752\/revisions\/1217"}],"up":[{"embeddable":true,"href":"https:\/\/wodys.net\/index.php\/wp-json\/wp\/v2\/pages\/3205"}],"wp:attachment":[{"href":"https:\/\/wodys.net\/index.php\/wp-json\/wp\/v2\/media?parent=752"}],"curies":[{"name":"wp","href":"https:\/\/api.w.org\/{rel}","templated":true}]}}